on factor of 960436 and 59.
1
Calculate the highest common divisor of 977526 and 202417.
4937
What is the greatest common factor of 12973545 and 572?
13
What is the highest common factor of 9882 and 4372218?
162
Calculate the highest common factor of 343157 and 232493.
29
What is the highest common factor of 1458249 and 26?
13
What is the highest common divisor of 648 and 94378770?
162
What is the highest common factor of 1515 and 10928200?
505
What is the greatest common factor of 92759 and 16087637?
4033
Calculate the highest common factor of 143240159 and 23.
23
Calculate the greatest common divisor of 21684192 and 3210.
642
Calculate the highest common factor of 4830 and 79639938.
966
Calculate the highest common factor of 608542536 and 18060.
3612
Calculate the highest common factor of 7161938 and 2254.
98
What is the highest common divisor of 1853885656 and 14?
14
What is the highest common factor of 5889 and 945411?
453
What is the highest common divisor of 35146882 and 94?
94
What is the greatest common divisor of 47331 and 12488372?
1753
What is the highest common divisor of 20793 and 54?
3
What is the highest common divisor of 22404 and 225684?
12
Calculate the highest common divisor of 18984933 and 57.
57
What is the greatest common divisor of 163699 and 14711?
313
What is the highest common divisor of 4925 and 1338812?
197
What is the greatest common factor of 225 and 75178275?
75
What is the greatest common divisor of 1629936 and 11592?
504
Calculate the highest common divisor of 410023 and 245106.
1513
What is the greatest common divisor of 970184 and 103748?
2804
Calculate the highest common factor of 117010 and 1930.
10
Calculate the greatest common divisor of 31046829 and 66.
33
Calculate the greatest common factor of 7005 and 64635.
15
What is the highest common factor of 31500323 and 314?
157
What is the highest common factor of 530 and 22830386?
106
What is the highest common factor of 375911 and 42387?
199
What is the greatest common divisor of 238 and 45513454?
238
What is the greatest common divisor of 13843781 and 20078?
10039
What is the greatest common factor of 81106601 and 699?
233
Calculate the highest common factor of 523107 and 108511.
221
What is the highest common factor of 72 and 196607568?
24
Calculate the highest common divisor of 12340 and 28621396.
2468
What is the greatest common factor of 177 and 1316937171?
177
What is the greatest common factor of 116 and 3902762?
58
Calculate the greatest common divisor of 584 and 965106428.
292
Calculate the greatest common divisor of 3289101 and 10109.
919
Calculate the greatest common factor of 137381663 and 67761.
7529
What is the greatest common divisor of 14467 and 18819?
17
Calculate the highest common factor of 1596 and 573524.
28
Calculate the highest common factor of 416852 and 1646777.
529
What is the highest common divisor of 21914267 and 376?
47
What is the highest common divisor of 285 and 443535?
15
What is the greatest common factor of 2300 and 23324300?
2300
Calculate the highest common divisor of 29740178 and 171326.
10078
What is the highest common factor of 2895 and 13738705?
965
What is the greatest common factor of 23958 and 48114?
198
What is the greatest common divisor of 2791176 and 13908?
228
Calculate the greatest common divisor of 142 and 16291589.
71
Calculate the highest common factor of 759468 and 6384.
228
Calculate the highest common divisor of 28616 and 1730392.
584
Calculate the highest common factor of 16 and 148210.
2
What is the highest common divisor of 2948 and 395208880?
2948
Calculate the highest common divisor of 3234353 and 3235.
647
Calculate the highest common divisor of 2033 and 105648911.
2033
What is the greatest common divisor of 3026 and 908378?
34
Calculate the highest common divisor of 154740978 and 763.
763
Calculate the greatest common divisor of 15 and 4935445.
5
What is the highest common factor of 92808 and 54153?
9
Calculate the highest common divisor of 3034150 and 1400.
350
Calculate the highest common factor of 18 and 34820058.
6
What is the highest common factor of 1024407 and 4131?
81
What is the greatest common factor of 55683897 and 276?
69
Calculate the highest common factor of 53 and 49086.
1
Calculate the greatest common factor of 58639701 and 2328.
291
Calculate the highest common divisor of 1455 and 332825236.
97
What is the greatest common factor of 7 and 7868217?
7
Calculate the greatest common divisor of 664139 and 60809.
119
What is the highest common divisor of 3788 and 42414236?
3788
What is the highest common factor of 666 and 17019630?
666
Calculate the highest common factor of 40357640 and 3680.
920
Calculate the highest common divisor of 216706 and 121383626.
9422
What is the highest common divisor of 1158806 and 1012?
22
Calculate the greatest common divisor of 870453 and 8138.
313
Calculate the greatest common factor of 598 and 23582728.
598
What is the highest common divisor of 57359690 and 40?
10
Calculate the highest common divisor of 2376 and 57910644.
396
What is the greatest common divisor of 1648 and 40871636?
412
Calculate the greatest common factor of 1671647 and 986.
29
What is the greatest common divisor of 44626484 and 14?
14
What is the greatest common factor of 89112 and 528036?
948
What is the highest common factor of 568424 and 5576?
328
What is the greatest common divisor of 362714 and 341?
11
What is the highest common divisor of 87827400 and 100?
100
Calculate the highest common divisor of 2139773 and 425.
17
What is the highest common factor of 510 and 15920925?
255
Calculate the greatest common factor of 62 and 8451592.
62
What is the highest common divisor of 170656382 and 351?
13
What is the highest common factor of 130 and 4430?
10
Calculate the greatest common factor of 676200 and 28008.
24
Calculate the greatest common factor of 94855 and 3571835.
1555
Calculate the highest common factor of 487680 and 1200.
240
Calculate the highest common factor of 151332574 and 29281.
4183
Calculate the highest common factor of 11373228 and 770628.
5172
What is the highest common factor of 658350 and 286440?
2310
What is the greatest common factor of 920565 and 3240?
405
Calculate the greatest common divisor of 272 and 899742.
34
What is the greatest common factor of 916683 and 20001?
177
What is the highest common factor of 281337 and 1281?
21
Calculate the greatest common divisor of 1099 and 14718907.
1099
What is the greatest common factor of 7626297 and 42?
21
Calculate the greatest common divisor of 40025 and 25325.
25
Calculate the highest common divisor of 41401373 and 2374.
1187
Calculate the highest common divisor of 40 and 39781670.
10
What is the highest common factor of 2217022 and 1698?
566
What is the greatest common factor of 1811814413 and 1511?
1511
Calculate the greatest common factor of 17884620 and 72.
36
What is the greatest common divisor of 8307504 and 360?
72
Calculate the highest common divisor of 1845 and 6398829.
369
What is the highest common divisor of 41078 and 669750?
1786
Calculate the highest common divisor of 597819 and 203919.
303
What is the highest common factor of 3003425 and 33725?
475
What is the highest common divisor of 268185 and 19095?
285
Calculate the greatest common factor of 35 and 212095165.
5
Calculate the greatest common factor of 55863 and 216927.
9
Calculate the greatest common divisor of 4652 and 1784781668.
4652
Calculate the highest common factor of 10100 and 2441300.
100
Calculate the highest common divisor of 161437795 and 1835.
1835
Calculate the greatest common factor of 2146224 and 146400.
2928
What is the highest common factor of 595156 and 1118644?
3116
Calculate the greatest common factor of 336 and 10247503.
7
What is the highest common factor of 156905534 and 57?
19
Calculate the highest common divisor of 2315261 and 370279.
4069
What is the greatest common factor of 78408 and 6801003?
891
What is the greatest common factor of 2900 and 2687400?
100
What is the greatest common divisor of 410 and 201966?
82
Calculate the highest common divisor of 899539 and 34976.
1093
What is the highest common factor of 48 and 14224404?
12
What is the highest common divisor of 2516270 and 2635?
155
What is the greatest com